[INFO] fetching crate curry 0.1.0...
[INFO] checking curry-0.1.0 against master#e6e4f7ed1589e03bc2f6c5931c1a72e7947e8682 for beta-170-4
[INFO] extracting crate curry 0.1.0 into /workspace/builds/worker-2-tc2/source
[INFO] validating manifest of crates.io crate curry 0.1.0 on toolchain e6e4f7ed1589e03bc2f6c5931c1a72e7947e8682
[INFO] running `Command { std: CARGO_HOME="/workspace/cargo-home" RUSTUP_HOME="/workspace/rustup-home" "/workspace/cargo-home/bin/cargo" "+e6e4f7ed1589e03bc2f6c5931c1a72e7947e8682" "metadata" "--manifest-path" "Cargo.toml" "--no-deps", kill_on_drop: false }`
[INFO] started tweaking crates.io crate curry 0.1.0
[INFO] finished tweaking crates.io crate curry 0.1.0
[INFO] tweaked toml for crates.io crate curry 0.1.0 written to /workspace/builds/worker-2-tc2/source/Cargo.toml
[INFO] running `Command { std: CARGO_HOME="/workspace/cargo-home" RUSTUP_HOME="/workspace/rustup-home" __CARGO_TEST_CHANNEL_OVERRIDE_DO_NOT_USE_THIS="nightly" "/workspace/cargo-home/bin/cargo" "+e6e4f7ed1589e03bc2f6c5931c1a72e7947e8682" "generate-lockfile" "--manifest-path" "Cargo.toml" "-Zno-index-update", kill_on_drop: false }`
[INFO] running `Command { std: CARGO_HOME="/workspace/cargo-home" RUSTUP_HOME="/workspace/rustup-home" "/workspace/cargo-home/bin/cargo" "+e6e4f7ed1589e03bc2f6c5931c1a72e7947e8682" "fetch" "--manifest-path" "Cargo.toml", kill_on_drop: false }`
[INFO] running `Command { std: "docker" "create" "-v" "/var/lib/crater-agent-workspace/builds/worker-2-tc2/target:/opt/rustwide/target:rw,Z" "-v" "/var/lib/crater-agent-workspace/builds/worker-2-tc2/source:/opt/rustwide/workdir:ro,Z" "-v" "/var/lib/crater-agent-workspace/cargo-home:/opt/rustwide/cargo-home:ro,Z" "-v" "/var/lib/crater-agent-workspace/rustup-home:/opt/rustwide/rustup-home:ro,Z" "-e" "SOURCE_DIR=/opt/rustwide/workdir" "-e" "CARGO_TARGET_DIR=/opt/rustwide/target" "-e" "CARGO_HOME=/opt/rustwide/cargo-home" "-e" "RUSTUP_HOME=/opt/rustwide/rustup-home" "-w" "/opt/rustwide/workdir" "-m" "1610612736" "--user" "0:0" "--network" "none" "ghcr.io/rust-lang/crates-build-env/linux@sha256:19e73879b68f455e41552ea35293514db52ea292d993f571636dbffedb77a1ee" "/opt/rustwide/cargo-home/bin/cargo" "+e6e4f7ed1589e03bc2f6c5931c1a72e7947e8682" "metadata" "--no-deps" "--format-version=1", kill_on_drop: false }`
[INFO] [stdout] 2f45b4528a7ca33342f77cd7c9b4b28dfe6f0b4a3e3ad456bda742176adc2587
[INFO] running `Command { std: "docker" "start" "-a" "2f45b4528a7ca33342f77cd7c9b4b28dfe6f0b4a3e3ad456bda742176adc2587", kill_on_drop: false }`
[INFO] running `Command { std: "docker" "inspect" "2f45b4528a7ca33342f77cd7c9b4b28dfe6f0b4a3e3ad456bda742176adc2587", kill_on_drop: false }`
[INFO] running `Command { std: "docker" "rm" "-f" "2f45b4528a7ca33342f77cd7c9b4b28dfe6f0b4a3e3ad456bda742176adc2587", kill_on_drop: false }`
[INFO] [stdout] 2f45b4528a7ca33342f77cd7c9b4b28dfe6f0b4a3e3ad456bda742176adc2587
[INFO] running `Command { std: "docker" "create" "-v" "/var/lib/crater-agent-workspace/builds/worker-2-tc2/target:/opt/rustwide/target:rw,Z" "-v" "/var/lib/crater-agent-workspace/builds/worker-2-tc2/source:/opt/rustwide/workdir:ro,Z" "-v" "/var/lib/crater-agent-workspace/cargo-home:/opt/rustwide/cargo-home:ro,Z" "-v" "/var/lib/crater-agent-workspace/rustup-home:/opt/rustwide/rustup-home:ro,Z" "-e" "SOURCE_DIR=/opt/rustwide/workdir" "-e" "CARGO_TARGET_DIR=/opt/rustwide/target" "-e" "CARGO_INCREMENTAL=0" "-e" "RUST_BACKTRACE=full" "-e" "RUSTFLAGS=--cap-lints=forbid" "-e" "RUSTDOCFLAGS=--cap-lints=forbid" "-e" "CARGO_HOME=/opt/rustwide/cargo-home" "-e" "RUSTUP_HOME=/opt/rustwide/rustup-home" "-w" "/opt/rustwide/workdir" "-m" "1610612736" "--user" "0:0" "--network" "none" "ghcr.io/rust-lang/crates-build-env/linux@sha256:19e73879b68f455e41552ea35293514db52ea292d993f571636dbffedb77a1ee" "/opt/rustwide/cargo-home/bin/cargo" "+e6e4f7ed1589e03bc2f6c5931c1a72e7947e8682" "check" "--frozen" "--all" "--all-targets" "--message-format=json", kill_on_drop: false }`
[INFO] [stdout] 13cf583a95a9ec331f881532353d3ab937d0f57dde053ba1689ce2209e01f7a2
[INFO] running `Command { std: "docker" "start" "-a" "13cf583a95a9ec331f881532353d3ab937d0f57dde053ba1689ce2209e01f7a2", kill_on_drop: false }`
[INFO] [stderr]     Checking curry v0.1.0 (/opt/rustwide/workdir)
[INFO] [stdout] error[E0059]: type parameter to bare `FnOnce` trait must be a tuple
[INFO] [stdout]  --> src/lib.rs:9:12
[INFO] [stdout]   |
[INFO] [stdout] 9 | impl<A, F: FnOnce<A>> FnOnce<(A,)> for Curry<F> {
[INFO] [stdout]   |            ^^^^^^^^^ the trait `Tuple` is not implemented for `A`
[INFO] [stdout]   |
[INFO] [stdout] note: required by a bound in `FnOnce`
[INFO] [stdout]  --> /rustc/e6e4f7ed1589e03bc2f6c5931c1a72e7947e8682/library/core/src/ops/function.rs:242:1
[INFO] [stdout] help: consider restricting type parameter `A`
[INFO] [stdout]   |
[INFO] [stdout] 9 | impl<A: core::marker::Tuple, F: FnOnce<A>> FnOnce<(A,)> for Curry<F> {
[INFO] [stdout]   |       +++++++++++++++++++++
[INFO] [stdout] 
[INFO] [stdout] 
[INFO] [stdout] error[E0059]: type parameter to bare `FnMut` trait must be a tuple
[INFO] [stdout]   --> src/lib.rs:14:12
[INFO] [stdout]    |
[INFO] [stdout] 14 | impl<A, F: FnMut<A>> FnMut<(A,)> for Curry<F> {
[INFO] [stdout]    |            ^^^^^^^^ the trait `Tuple` is not implemented for `A`
[INFO] [stdout]    |
[INFO] [stdout] note: required by a bound in `FnMut`
[INFO] [stdout]   --> /rustc/e6e4f7ed1589e03bc2f6c5931c1a72e7947e8682/library/core/src/ops/function.rs:163:1
[INFO] [stdout] help: consider restricting type parameter `A`
[INFO] [stdout]    |
[INFO] [stdout] 14 | impl<A: core::marker::Tuple, F: FnMut<A>> FnMut<(A,)> for Curry<F> {
[INFO] [stdout]    |       +++++++++++++++++++++
[INFO] [stdout] 
[INFO] [stdout] 
[INFO] [stdout] error[E0059]: type parameter to bare `Fn` trait must be a tuple
[INFO] [stdout]   --> src/lib.rs:18:12
[INFO] [stdout]    |
[INFO] [stdout] 18 | impl<A, F: Fn<A>> Fn<(A,)> for Curry<F> {
[INFO] [stdout]    |            ^^^^^ the trait `Tuple` is not implemented for `A`
[INFO] [stdout]    |
[INFO] [stdout] note: required by a bound in `Fn`
[INFO] [stdout]   --> /rustc/e6e4f7ed1589e03bc2f6c5931c1a72e7947e8682/library/core/src/ops/function.rs:76:1
[INFO] [stdout] help: consider restricting type parameter `A`
[INFO] [stdout]    |
[INFO] [stdout] 18 | impl<A: core::marker::Tuple, F: Fn<A>> Fn<(A,)> for Curry<F> {
[INFO] [stdout]    |       +++++++++++++++++++++
[INFO] [stdout] 
[INFO] [stdout] 
[INFO] [stdout] error[E0059]: type parameter to bare `FnOnce` trait must be a tuple
[INFO] [stdout]  --> src/lib.rs:9:12
[INFO] [stdout]   |
[INFO] [stdout] 9 | impl<A, F: FnOnce<A>> FnOnce<(A,)> for Curry<F> {
[INFO] [stdout]   |            ^^^^^^^^^ the trait `Tuple` is not implemented for `A`
[INFO] [stdout]   |
[INFO] [stdout] note: required by a bound in `FnOnce`
[INFO] [stdout]  --> /rustc/e6e4f7ed1589e03bc2f6c5931c1a72e7947e8682/library/core/src/ops/function.rs:242:1
[INFO] [stdout] help: consider restricting type parameter `A`
[INFO] [stdout]   |
[INFO] [stdout] 9 | impl<A: core::marker::Tuple, F: FnOnce<A>> FnOnce<(A,)> for Curry<F> {
[INFO] [stdout]   |       +++++++++++++++++++++
[INFO] [stdout] 
[INFO] [stdout] 
[INFO] [stdout] error[E0059]: type parameter to bare `FnMut` trait must be a tuple
[INFO] [stdout]   --> src/lib.rs:14:12
[INFO] [stdout]    |
[INFO] [stdout] 14 | impl<A, F: FnMut<A>> FnMut<(A,)> for Curry<F> {
[INFO] [stdout]    |            ^^^^^^^^ the trait `Tuple` is not implemented for `A`
[INFO] [stdout]    |
[INFO] [stdout] note: required by a bound in `FnMut`
[INFO] [stdout]   --> /rustc/e6e4f7ed1589e03bc2f6c5931c1a72e7947e8682/library/core/src/ops/function.rs:163:1
[INFO] [stdout] help: consider restricting type parameter `A`
[INFO] [stdout]    |
[INFO] [stdout] 14 | impl<A: core::marker::Tuple, F: FnMut<A>> FnMut<(A,)> for Curry<F> {
[INFO] [stdout]    |       +++++++++++++++++++++
[INFO] [stdout] 
[INFO] [stdout] 
[INFO] [stdout] error[E0059]: type parameter to bare `Fn` trait must be a tuple
[INFO] [stdout]   --> src/lib.rs:18:12
[INFO] [stdout]    |
[INFO] [stdout] 18 | impl<A, F: Fn<A>> Fn<(A,)> for Curry<F> {
[INFO] [stdout]    |            ^^^^^ the trait `Tuple` is not implemented for `A`
[INFO] [stdout]    |
[INFO] [stdout] note: required by a bound in `Fn`
[INFO] [stdout]   --> /rustc/e6e4f7ed1589e03bc2f6c5931c1a72e7947e8682/library/core/src/ops/function.rs:76:1
[INFO] [stdout] help: consider restricting type parameter `A`
[INFO] [stdout]    |
[INFO] [stdout] 18 | impl<A: core::marker::Tuple, F: Fn<A>> Fn<(A,)> for Curry<F> {
[INFO] [stdout]    |       +++++++++++++++++++++
[INFO] [stdout] 
[INFO] [stdout] 
[INFO] [stdout] error[E0059]: type parameter to bare `FnOnce` trait must be a tuple
[INFO] [stdout]   --> src/lib.rs:10:19
[INFO] [stdout]    |
[INFO] [stdout] 10 |     type Output = F::Output;
[INFO] [stdout]    |                   ^^^^^^^^^ the trait `Tuple` is not implemented for `A`
[INFO] [stdout]    |
[INFO] [stdout] note: required by a bound in `FnOnce`
[INFO] [stdout]   --> /rustc/e6e4f7ed1589e03bc2f6c5931c1a72e7947e8682/library/core/src/ops/function.rs:242:1
[INFO] [stdout] help: consider restricting type parameter `A`
[INFO] [stdout]    |
[INFO] [stdout] 9  | impl<A: core::marker::Tuple, F: FnOnce<A>> FnOnce<(A,)> for Curry<F> {
[INFO] [stdout]    |       +++++++++++++++++++++
[INFO] [stdout] 
[INFO] [stdout] 
[INFO] [stdout] error[E0059]: type parameter to bare `FnOnce` trait must be a tuple
[INFO] [stdout]   --> src/lib.rs:10:19
[INFO] [stdout]    |
[INFO] [stdout] 10 |     type Output = F::Output;
[INFO] [stdout]    |                   ^^^^^^^^^ the trait `Tuple` is not implemented for `A`
[INFO] [stdout]    |
[INFO] [stdout] note: required by a bound in `FnOnce`
[INFO] [stdout]   --> /rustc/e6e4f7ed1589e03bc2f6c5931c1a72e7947e8682/library/core/src/ops/function.rs:242:1
[INFO] [stdout] help: consider restricting type parameter `A`
[INFO] [stdout]    |
[INFO] [stdout] 9  | impl<A: core::marker::Tuple, F: FnOnce<A>> FnOnce<(A,)> for Curry<F> {
[INFO] [stdout]    |       +++++++++++++++++++++
[INFO] [stdout] 
[INFO] [stdout] 
[INFO] [stdout] error: aborting due to 4 previous errors
[INFO] [stdout] 
[INFO] [stdout] 
[INFO] [stdout] For more information about this error, try `rustc --explain E0059`.
[INFO] [stdout] 
[INFO] [stdout] error: aborting due to 4 previous errors
[INFO] [stdout] 
[INFO] [stdout] 
[INFO] [stdout] For more information about this error, try `rustc --explain E0059`.
[INFO] [stdout] 
[INFO] [stderr] error: could not compile `curry` (lib) due to 5 previous errors
[INFO] [stderr] warning: build failed, waiting for other jobs to finish...
[INFO] [stderr] error: could not compile `curry` (lib test) due to 5 previous errors
[INFO] running `Command { std: "docker" "inspect" "13cf583a95a9ec331f881532353d3ab937d0f57dde053ba1689ce2209e01f7a2", kill_on_drop: false }`
[INFO] running `Command { std: "docker" "rm" "-f" "13cf583a95a9ec331f881532353d3ab937d0f57dde053ba1689ce2209e01f7a2", kill_on_drop: false }`
[INFO] [stdout] 13cf583a95a9ec331f881532353d3ab937d0f57dde053ba1689ce2209e01f7a2
